-15. Suppose l = -d*z - 9, 2*z = -l - 0*z - 5. Let m(b) = 9*b**3 + 2*b**2 - 1. Calculate m(l).
-8
Suppose -u = 5*k + u + 16, 3*u + 9 = 0. Let z(c) be the third derivative of 0 - 1/30*c**5 + 2*c**2 + 0*c - 1/3*c**3 - 1/8*c**4. Calculate z(k).
-4
Let v(f) = -1 + 5 + 10*f - 4. Let b be v(1). Let r = b - 10. Let n(g) = -g**2 + 10. Determine n(r).
10
Let x(r) be the first derivative of -3*r**4/2 + r**2/2 + 2. Suppose 3 = -i + 2. What is x(i)?
5
Let p(l) = -l**3 + l**2 - 4. Let n be 28/98 + 19/7. Suppose 2*s = 1 + 1. Let d be (n + -3 + 0)*s. Calculate p(d).
-4
Suppose -2*p = -3*j + 16, 0 = 4*p + 2*j - 4*j + 24. Let i(c) = c - 3. Let m(y) = 1 + 3 + 1 - 2*y. Let l(n) = 5*i(n) + 3*m(n). Give l(p).
5
Let d = 15 + -15. Let p(s) = s**2 - s + 8. What is p(d)?
8
Let y be ((-8)/24)/(2/12). Let h(g) = -2*g - 2. What is h(y)?
2
Let w(g) = g**2 - 12*g + 10. Let u be w(7). Let y = u - -14. Let b be y/(-3) - (-2)/(-3). Let m(x) = x - 4. Determine m(b).
-1
Let r(j) = -1. Let c = 11 - 6. Let x(z) = -z - z + z**2 - 5 + c*z. Let w(d) = 3*r(d) - x(d). Give w(-4).
-2
Let f(o) be the second derivative of -o**3/6 - o**2 + 2*o. Let a be f(-2). Let h(i) = -3 - 4 + 2 + i. Give h(a).
-5
Let k(c) be the second derivative of -c**7/840 + c**6/72 - c**4/4 + c**3/6 - c. Let n(d) be the second derivative of k(d). Let a = -4 + 9. Give n(a).
-6
Let r be -1*(-2 - -1)*7. Let q(a) = -3*a**3 - 15*a**2 - 4*a - 21. Let n(m) = -m**3 - 5*m**2 - m - 7. Let b(d) = r*n(d) - 2*q(d). What is b(-5)?
-12
Let f(s) = s + 2. Let i be f(-3). Let c(q) = -12*q**2 - 2*q - 1. Determine c(i).
-11
Let p = 10 + -8. Suppose 0 = -p*w - w - 18. Let r(i) = i - 3. Calculate r(w).
-9
Let f(w) = 7*w - 24. Let k be f(4). Let c(p) = p + 1 + 2*p - 4. What is c(k)?
9
Let a(h) = h**2 - 2*h - 2. Let o be 2/(-5)*(2 - 12). Let c(w) = -o + 3 + 2 + 2*w + 0. Let r be c(1). What is a(r)?
1
Let f(b) be the second derivative of -b**3/2 + 3*b**2/2 - 4*b. Determine f(2).
-3
Let z(b) be the second derivative of -1/20*b**5 + 7/6*b**3 + b + 1/3*b**4 + 0 - 3/2*b**2. Let p = 11 + -6. What is z(p)?
7
Let i(d) be the first derivative of d**4/6 + 2*d**3/3 + 3*d**2/2 + 8*d + 3. Let j(u) be the first derivative of i(u). What is j(-3)?
9
Suppose -b - 4*h + 18 = 0, -4*h = -5*b + h - 10. Suppose -b*p = -p - 2. Let r(g) = p + 0*g**2 - 3*g - g**2 + 3*g**2 - g**2. Calculate r(2).
0
Let o(i) be the third derivative of i**4/12 - 2*i**3/3 + 10*i**2. Suppose 2 = y - 0*y. Suppose 0 = -3*q - 11 + y. Calculate o(q).
-10
Let y = -2 - -5. Suppose -4*p - y = -5*p. Suppose p*g + 0*g = -2*m + 24, 5*m = 4*g - 9. Let c(s) = s**2 - 4*s - 7. Give c(g).
5
Let w(a) = -a**3 - 8*a**2 - a - 3. Let b be w(-8). Suppose 2*h = 4*h - b*g - 1, -3*g + 9 = 2*h. Let n(v) = v**3 - 4*v**2 + v + 1. Give n(h).
-5
Let k(j) be the first derivative of -5*j**3/3 - 5*j**2 - 17*j + 3. Let c(m) = -2*m**2 - 5*m - 8. Let d(n) = 7*c(n) - 3*k(n). Calculate d(6).
1
Let a(x) = 2*x - 3. Suppose 0 = -k + 2*k - 58. Suppose 0 = 4*h - 2*d - k, 3*h + 15 = 2*d + 61. Let f be h/(-4) + 5/1. Determine a(f).
1
Let u(d) = 6*d - d**2 - 2*d - 1 + d. Let s be (-40)/(-12) - (16/3 + -6). Give u(s).
3
Let u(f) = -2*f**2 - f. Let h be u(1). Let w(g) = -2*g**2 - 3*g + 3. Let r be w(h). Let a = r + 7. Let z(k) = 2*k**2 - k. What is z(a)?
1
Let z(o) = -5*o - 3. Let p(h) = -4*h - 4. Let w(r) = 3*p(r) - 2*z(r). Calculate w(-5).
4
Suppose -12 = -5*l + 8. Let a(u) = 2*u - 2*u - l*u**3 - u - u**2. Determine a(-1).
4
Let w(b) = -3*b - 6. Let m be 12 + (-2)/(0 + 1). Let f = -14 + m. Calculate w(f).
6
Let t(a) = a**2 + 6*a - 1. Let y be t(-7). Let i(c) be the third derivative of c**4/24 + 2*c**3/3 - 9*c**2. What is i(y)?
10
Let j(l) = -8*l + 1. Let q be j(-1). Suppose 3*m = 3*r - q, -7*m - 3*r = -5*m + 1. Let p(b) = -b - 1. Give p(m).
1
Suppose 2*f + f - 6 = 0. Suppose -j = 4*x - 29, f*j - 17 = -5*x + 23. Let r(a) = a**3 - 5*a**2 - 5*a - 3. Give r(x).
3
Suppose -138 = -5*s - 33. Suppose -s = -2*b - 3*h, -2*b - h + 1 = -10. Let n(g) be the third derivative of g**5/60 - g**4/24 + 2*g**3/3 + g**2. Give n(b).
10
Let z = 5 + -3. Let o(b) = z*b**3 + b**2 - b**2 - b - 1. What is o(-1)?
-2
Let g(i) = 2*i**3 - i**2 + 2*i + 4. Suppose -3*q - 7 = -2*p, -8 - 14 = 3*p + 2*q. Let t(z) = z**3 - z**2 + 2*z + 3. Let n(k) = p*t(k) + 3*g(k). Determine n(-2).
-8
Let b be (1 - -2)*8/6. Let s(q) = 4*q**2 - 1. Let a be s(1). Let l(n) = 0*n**2 + b*n + n**2 - 4*n**a + 3*n**3. Calculate l(3).
-6
Let d = 124 - 123. Let o(c) = 1 + 0 + 0 - 2*c - 2*c**2. What is o(d)?
-3
Suppose -4*n + 25 = 4*r - n, 2*n - 18 = -3*r. Let p(j) = j - 1. Let k(m) = 5*m - 3. Let t(b) = -k(b) + 6*p(b). Give t(r).
1
Let u(o) be the third derivative of -o**6/120 + 7*o**5/60 + o**4/4 + 3*o**3/2 - 2*o**2. Determine u(8).
-7
Let q(l) = -3 - 5*l**2 + 6*l + 2*l**3 - 3*l**3 + 2. Let o be q(-6). Let s(t) = 16 + 5*t**2 - 5 - 12 - t. Give s(o).
5
Suppose -2*k + 3 = k. Let x(q) = 2 - 2*q - k - q - 2*q**3 + 4*q**2. Suppose 4*y - y - 6 = 0. Determine x(y).
-5
Let g = 146 - 140. Let j(f) be the second derivative of -f**5/20 + 7*f**4/12 - 4*f**3/3 + 9*f**2/2 - f. Calculate j(g).
-3
Let r(o) = 6*o - 4. Let y(f) = f - 1. Let b = 42 - 20. Let g(p) = b*y(p) - 4*r(p). What is g(-4)?
2
Let m(f) = -f**2 - 1 - 1 + 4 - 2*f. Suppose 0*j - 15 = -3*j. Let k = 3 - j. Determine m(k).
2
Let w(r) = 2*r + r + r**2 + 0 - 3 + r. Give w(-4).
-3
Let b(w) be the first derivative of 1/4*w**4 - 1/3*w**3 + 0*w**2 - w - 1/20*w**5 + 1. Let z(m) be the first derivative of b(m). Give z(2).
0
Let r(t) = -2 + 6*t**3 - 3*t**2 - 3*t - 5*t**3 + 0. Determine r(3).
-11
Let m(l) = 5 - 7*l - 1 - 2. Let c(s) = -29*s + 8. Let z(u) = 2*c(u) - 9*m(u). Calculate z(2).
8
Let q(a) = 4*a - 5. Suppose -2*n = 2*z - 4, -z = -2*z - 5*n - 6. Determine q(z).
11
Let u = 1 - 4. Let l(k) = -k**3 - k - 1. Let z(o) = -4*o**3 + 5*o**2 - 2*o - 2. Let b(f) = u*l(f) + z(f). What is b(5)?
6
Let u(b) = 2 + 3*b - 9 - 11*b + 10. Calculate u(2).
-13
Let r(o) = 2*o**3 + 5*o**2 - 8*o - 2. Let k(j) = j**3 - j. Let h(v) = 3*k(v) - r(v). Suppose -11 = 2*x + 3*n + 2*n, 0 = -3*n - 9. Let w = 2 + x. Give h(w).
6
Let p(m) = -3*m**2 + 7*m + 2. Let h(w) = 5*w**2 - 14*w - 4. Let u(z) = 4*h(z) + 7*p(z). Let f(t) = t**2 - t - 6. Let q be f(0). Give u(q).
4
Let l = -16 + 10. Let k(w) = -w**2 - 6*w - 6. What is k(l)?
-6
Suppose r = l - 2*l + 3, 4 = -4*l. Suppose r*t - 7 = 3*j, 0*t + t + 7 = -j. Let q(y) = y**3 - 4*y - 2*y**3 + 4*y**2 + 7 + 2*y**3. What is q(j)?
2
Let v(a) be the third derivative of -a**6/72 + a**5/120 - a**4/8 - 3*a**2. Let x(p) be the second derivative of v(p). Calculate x(1).
-9
Let y(o) = 4*o. Let j(l) = l - 8. Let a be j(13). Suppose -3*r + 9 = 3*p, 6 = -a*r + 5*p + 21. Suppose 0 = -r*h + 2 + 1. What is y(h)?
4
Let y(t) be the third derivative of -t**5/60 + 7*t**4/24 - 7*t**3/6 + 3*t**2. Determine y(6).
-1
Let n(q) be the second derivative of q**3/2 + 2*q**2 + 8*q. Give n(-3).
-5
Let p(v) be the second derivative of v**4/12 - v**3/3 - 3*v**2/2 - 14*v. What is p(4)?
5
Let i = 1 - 1. Let s = i - -5. Let p(v) = -206 + 3*v - 4*v + 209. What is p(s)?
-2
Suppose -4*b = -13 + 1. Suppose 2*v - y - 3*y - 8 = 0, -3*v + b*y = -6. Let p(u) = u**2 - 5*u + 6. Let c(t) = t. Let q(m) = -6*c(m) - p(m). Give q(v).
-6
Suppose 4*q = 3*i - i, 2*q + 12 = -5*i. Let h(r) = 4*r**3 - r**2 - r. Calculate h(q).
-4
Let o(b) be the first derivative of -b**3/3 - b + 1. Let p(t) = -2*t - 1. Let x(r) = -2*o(r) + p(r). What is x(3)?
13
Let o(v) = -v**3 + 7*v**2 - 6*v + 8. Suppose 0 = 3*q + 2*t - 23, 2*t + 13 = 3*q + 6*t. Let m = 17 - q. Calculate o(m).
8
Suppose 35 = f + 4*f + 5*x, 0 = f - x - 9. Let b = -6 + f. Let d(a) = -a**2 - 3*a + 1. Determine d(b).
-9
Let z = -9 - -13. Let c(f) = -8 + z*f - 3 - 5*f + 2*f. Give c(0).
-11
Let o(x) = 46*x - 1. Let a be o(1). Suppose 3*n - 8*n = -2*q + 39, n = -2*q + a. Suppose -3*k = -4 + q. Let j(b) = -2*b - 9. Calculate j(k).
3
Let u(l) be the second derivative of -l**4/12 - l**3 + 2*l**2 + 35*l. Calculate u(-5).
9
Suppose -3*f + 4*f = 4. Suppose f*m - 5*d = -2, -5*m + 2*d - d + 8 = 0. Let n(v) = -1 + v + 4*v - v**m + 0*v. Determine n(5).
-1
Let o(f) = 5*f**2 - 5*f + 5. Let l(b) = 9*b**2 - 10*b + 9. Let z(a) = 4*l(a) - 7*o(a). Calculate z(6).
7
Let q(j) = 7 - 13*j - 11*j + 22*j. What is q(5)?
-3
Let y(i) be the second derivative of -i**5/